{"id":3750,"date":"2024-12-19T16:23:29","date_gmt":"2024-12-19T15:23:29","guid":{"rendered":"https:\/\/dev.lab-gamerz.com\/site\/?page_id=3750"},"modified":"2025-02-16T20:36:43","modified_gmt":"2025-02-16T19:36:43","slug":"residences","status":"publish","type":"page","link":"https:\/\/dev.lab-gamerz.com\/site\/residences\/","title":{"rendered":"R\u00e9sidences"},"content":{"rendered":"<h2>R\u00e9sidences<\/h2>\n<p>LABgamerz propose un programme de r\u00e9sidences \u00e0 destination d\u2019artistes locaux\u00b7ales et internationaux\u00b7ales. Depuis 2010, LABgamerz a ainsi permis la r\u00e9alisation des projets d\u2019artistes confirm\u00e9\u00b7es et \u00e9mergeant\u00b7es gr\u00e2ce \u00e0 son atelier situ\u00e9 au Patio du Bois de l\u2019Aune, \u00e0 Aix-en-Provence. Au sein de ce laboratoire, des outils de fabrication traditionnels et num\u00e9riques ainsi que des savoirs-faire de d\u00e9veloppement technique sont mis \u00e0 disposition des projets accueillis et\/ou produits par l\u2019association.<\/p>\n<p>LABgamerz accompagne des artistes engag\u00e9\u00b7es dans des d\u00e9marches de recherche-cr\u00e9ation sur la longue dur\u00e9e ainsi que des projets qui n\u00e9cessitent un temps plus limit\u00e9 de d\u00e9veloppement technique, d\u2019\u00e9tude ou d\u2019ancrage dans le territoire. L\u2019association soutient les collaborations avec d\u2019autres acteurs et actrices sur le territoire et ailleurs : centres de recherche, associations, lieux de diffusion et de cr\u00e9ation, \u00e9coles d\u2019art et universit\u00e9s, collectifs, chercheur\u00b7es, militant\u00b7es. La s\u00e9lection des projets porte sur leur pertinence avec les th\u00e9matiques, les m\u00e9thodologies, les perspectives d\u00e9velopp\u00e9es par LABgamerz et la programmation artistique annuelle.<\/p>\n<article data-id=\"3548\">\n            <a href=\"https:\/\/dev.lab-gamerz.com\/site\/nour-sokhon-beirut-berlin-birds\/\"><\/a><br \/>\n                                <img loading=\"lazy\" decoding=\"async\" width=\"300\" height=\"199\" src=\"https:\/\/dev.lab-gamerz.com\/site\/wp-content\/uploads\/2024\/03\/Copie-de-1_Natalia-Tsouloucha-300x199.jpg\" alt=\"\" \/><\/p>\n<header>\n<h5><a href=\"https:\/\/dev.lab-gamerz.com\/site\/nour-sokhon-beirut-berlin-birds\/\" title=\"Nour Sokhon, Beirut \u2013 Berlin \u2013 Birds\">Nour Sokhon, Beirut \u2013 Berlin \u2013 Birds<\/a><\/h5>\n<\/header>\n<p><time datetime=\"5 mars 2024\">5 mars 2024<\/time><br \/>\n    <\/article>\n<article data-id=\"3541\">\n            <a href=\"https:\/\/dev.lab-gamerz.com\/site\/youmna-saba-akwan-des-univers\/\"><\/a><br \/>\n                                <img loading=\"lazy\" decoding=\"async\" width=\"300\" height=\"226\" src=\"https:\/\/dev.lab-gamerz.com\/site\/wp-content\/uploads\/2024\/03\/Copie-de-YoumnaSaba_By_UgoSiegfriedt_CTM-Festival-2022-300x226.jpg\" alt=\"\" \/><\/p>\n<header>\n<h5><a href=\"https:\/\/dev.lab-gamerz.com\/site\/youmna-saba-akwan-des-univers\/\" title=\"Youmna Saba, Akwan (des univers)\">Youmna Saba, Akwan (des univers)<\/a><\/h5>\n<\/header>\n<p><time datetime=\"5 mars 2024\">5 mars 2024<\/time><br \/>\n    <\/article>\n<article data-id=\"3543\">\n            <a href=\"https:\/\/dev.lab-gamerz.com\/site\/pali-meursault-aux-retraites-de-saint-joseph-2\/\"><\/a><br \/>\n                                <img loading=\"lazy\" decoding=\"async\" width=\"300\" height=\"200\" src=\"https:\/\/dev.lab-gamerz.com\/site\/wp-content\/uploads\/2024\/03\/retraites-st-joseph-pali-300x200.jpeg\" alt=\"\" \/><\/p>\n<header>\n<h5><a href=\"https:\/\/dev.lab-gamerz.com\/site\/pali-meursault-aux-retraites-de-saint-joseph-2\/\" title=\"Pali Meursault chez Paysage endormi \/2\">Pali Meursault chez Paysage endormi \/2<\/a><\/h5>\n<\/header>\n<p><time datetime=\"5 mars 2024\">5 mars 2024<\/time><br \/>\n    <\/article>\n<article data-id=\"3497\">\n            <a href=\"https:\/\/dev.lab-gamerz.com\/site\/catherine-clover\/\"><\/a><br \/>\n                                <img loading=\"lazy\" decoding=\"async\" width=\"300\" height=\"200\" src=\"https:\/\/dev.lab-gamerz.com\/site\/wp-content\/uploads\/2024\/02\/Clover-1-1-scaled-1-300x200.jpg\" alt=\"\" \/><\/p>\n<header>\n<h5><a href=\"https:\/\/dev.lab-gamerz.com\/site\/catherine-clover\/\" title=\"Catherine Clover\">Catherine Clover<\/a><\/h5>\n<\/header>\n<p><time datetime=\"8 f\u00e9vrier 2024\">8 f\u00e9vrier 2024<\/time><br \/>\n    <\/article>\n<article data-id=\"3444\">\n            <a href=\"https:\/\/dev.lab-gamerz.com\/site\/cyclon-3\/\"><\/a><br \/>\n                                <img loading=\"lazy\" decoding=\"async\" width=\"300\" height=\"225\" src=\"https:\/\/dev.lab-gamerz.com\/site\/wp-content\/uploads\/2023\/11\/frontCyclon-300x225.jpg\" alt=\"\" \/><\/p>\n<header>\n<h5><a href=\"https:\/\/dev.lab-gamerz.com\/site\/cyclon-3\/\" title=\"Cyclon\">Cyclon<\/a><\/h5>\n<\/header>\n<p><time datetime=\"13 novembre 2023\">13 novembre 2023<\/time><br \/>\n    <\/article>\n<article data-id=\"3351\">\n            <a href=\"https:\/\/dev.lab-gamerz.com\/site\/ondes-et-radio\/\"><\/a><br \/>\n                                <img loading=\"lazy\" decoding=\"async\" width=\"300\" height=\"200\" src=\"https:\/\/dev.lab-gamerz.com\/site\/wp-content\/uploads\/2023\/10\/encagement2-1024x684-1-300x200.jpg\" alt=\"\" \/><\/p>\n<header>\n<h5><a href=\"https:\/\/dev.lab-gamerz.com\/site\/ondes-et-radio\/\" title=\"Ondes et radio\">Ondes et radio<\/a><\/h5>\n<\/header>\n<p><time datetime=\"16 octobre 2023\">16 octobre 2023<\/time><br \/>\n    <\/article>\n<article data-id=\"3362\">\n            <a href=\"https:\/\/dev.lab-gamerz.com\/site\/cyclon\/\"><\/a><br \/>\n                                <img loading=\"lazy\" decoding=\"async\" width=\"300\" height=\"131\" src=\"https:\/\/dev.lab-gamerz.com\/site\/wp-content\/uploads\/2023\/10\/cyclon-Ban-scaled-1-300x131.jpg\" alt=\"\" \/><\/p>\n<header>\n<h5><a href=\"https:\/\/dev.lab-gamerz.com\/site\/cyclon\/\" title=\"Cyclon\">Cyclon<\/a><\/h5>\n<\/header>\n<p><time datetime=\"16 septembre 2023\">16 septembre 2023<\/time><br \/>\n    <\/article>\n<article data-id=\"3252\">\n            <a href=\"https:\/\/dev.lab-gamerz.com\/site\/hypnose\/\"><\/a><br \/>\n                                <img loading=\"lazy\" decoding=\"async\" width=\"300\" height=\"161\" src=\"https:\/\/dev.lab-gamerz.com\/site\/wp-content\/uploads\/2023\/06\/Hypnose-Antoine-boute-Ashley-Perier-300x161.jpg\" alt=\"HYPNOSE - Antoine &amp; Ash Perier - Lab GAMERZ &amp; Radio Grenouille\" \/><\/p>\n<header>\n<h5><a href=\"https:\/\/dev.lab-gamerz.com\/site\/hypnose\/\" title=\"Blagues d&rsquo;hypnose\">Blagues d&rsquo;hypnose<\/a><\/h5>\n<\/header>\n<p><time datetime=\"10 juin 2023\">10 juin 2023<\/time><br \/>\n    <\/article>\n<article data-id=\"3223\">\n            <a href=\"https:\/\/dev.lab-gamerz.com\/site\/loops-of-the-loom\/\"><\/a><br \/>\n                                <img loading=\"lazy\" decoding=\"async\" width=\"300\" height=\"161\" src=\"https:\/\/dev.lab-gamerz.com\/site\/wp-content\/uploads\/2023\/01\/Loops-of-the-loom-Cecile-Babiole-Lab-GAMERZ-300x161.jpg\" alt=\"\" \/><\/p>\n<header>\n<h5><a href=\"https:\/\/dev.lab-gamerz.com\/site\/loops-of-the-loom\/\" title=\"Loops of the Loom\">Loops of the Loom<\/a><\/h5>\n<\/header>\n<p><time datetime=\"23 janvier 2023\">23 janvier 2023<\/time><br \/>\n    <\/article>\n<p>\t\t\t\t\t<a href=\"https:\/\/dev.lab-gamerz.com\/site\/archives-residences\/\"><br \/>\n\t\t\t\t<svg aria-hidden=\"true\" viewBox=\"0 0 448 512\" xmlns=\"http:\/\/www.w3.org\/2000\/svg\"><path d=\"M190.5 66.9l22.2-22.2c9.4-9.4 24.6-9.4 33.9 0L441 239c9.4 9.4 9.4 24.6 0 33.9L246.6 467.3c-9.4 9.4-24.6 9.4-33.9 0l-22.2-22.2c-9.5-9.5-9.3-25 .4-34.3L311.4 296H24c-13.3 0-24-10.7-24-24v-32c0-13.3 10.7-24 24-24h287.4L190.9 101.2c-9.8-9.3-10-24.8-.4-34.3z\"><\/path><\/svg><br \/>\n\t\t\t\t\t\t\t\t\tArchives<br \/>\n\t\t\t\t\t<\/a><\/p>\n","protected":false},"excerpt":{"rendered":"<p>R\u00e9sidences LABgamerz propose un programme de r\u00e9sidences \u00e0 destination d\u2019artistes locaux\u00b7ales et internationaux\u00b7ales. Depuis 2010, LABgamerz a ainsi permis la r\u00e9alisation des projets d\u2019artistes confirm\u00e9\u00b7es et \u00e9mergeant\u00b7es gr\u00e2ce \u00e0 son atelier situ\u00e9 au Patio du Bois de l\u2019Aune, \u00e0 Aix-en-Provence. Au sein de ce laboratoire, des outils de fabrication traditionnels et num\u00e9riques ainsi que des [&hellip;]<\/p>\n","protected":false},"author":1,"featured_media":0,"parent":0,"menu_order":0,"comment_status":"closed","ping_status":"closed","template":"","meta":{"footnotes":""},"class_list":["post-3750","page","type-page","status-publish","hentry"],"_links":{"self":[{"href":"https:\/\/dev.lab-gamerz.com\/site\/wp-json\/wp\/v2\/pages\/3750","targetHints":{"allow":["GET"]}}],"collection":[{"href":"https:\/\/dev.lab-gamerz.com\/site\/wp-json\/wp\/v2\/pages"}],"about":[{"href":"https:\/\/dev.lab-gamerz.com\/site\/wp-json\/wp\/v2\/types\/page"}],"author":[{"embeddable":true,"href":"https:\/\/dev.lab-gamerz.com\/site\/wp-json\/wp\/v2\/users\/1"}],"replies":[{"embeddable":true,"href":"https:\/\/dev.lab-gamerz.com\/site\/wp-json\/wp\/v2\/comments?post=3750"}],"version-history":[{"count":85,"href":"https:\/\/dev.lab-gamerz.com\/site\/wp-json\/wp\/v2\/pages\/3750\/revisions"}],"predecessor-version":[{"id":4656,"href":"https:\/\/dev.lab-gamerz.com\/site\/wp-json\/wp\/v2\/pages\/3750\/revisions\/4656"}],"wp:attachment":[{"href":"https:\/\/dev.lab-gamerz.com\/site\/wp-json\/wp\/v2\/media?parent=3750"}],"curies":[{"name":"wp","href":"https:\/\/api.w.org\/{rel}","templated":true}]}}