{"id":3529,"date":"2024-09-12T15:14:35","date_gmt":"2024-09-12T15:14:35","guid":{"rendered":"http:\/\/dev.lab-gamerz.com\/site\/?page_id=3529"},"modified":"2024-09-12T15:14:35","modified_gmt":"2024-09-12T15:14:35","slug":"youmna-saba-akwan-des-univers","status":"publish","type":"page","link":"https:\/\/dev.lab-gamerz.com\/site\/youmna-saba-akwan-des-univers\/","title":{"rendered":"Youmna Saba, Akwan (des univers)"},"content":{"rendered":"<p><strong><em>Akwan (des univers)<\/em><br \/>\n<\/strong><strong>Youmna Saba<\/strong><\/p>\n<p><strong>R\u00e9sidence de recherche-cr\u00e9ation<\/strong><\/p>\n<p><span style=\"font-weight: 400;\">10-17 mars 2024, <\/span><span style=\"font-weight: 400;\">Mus\u00e9e des Tapisseries, <\/span><span style=\"font-weight: 400;\">Chapelle Venel, Aix-en-Provence<\/span><\/p>\n<p><span style=\"font-weight: 400;\">17-24 juin 2024, Centre de la Vieille Charit\u00e9, deletere,\u00a0 Couvent Levat, Marseille<\/span><\/p>\n<p>21-28 octobre 2024, GMEM\u2014 Centre national de cr\u00e9ation musicale de Marseille<\/p>\n<p>&nbsp;<\/p>\n<p><strong>Performance<\/strong><\/p>\n<p><strong>Un projet produit et pr\u00e9sent\u00e9 par LABgamerz<\/strong><\/p>\n<p><strong>En co-production avec le\u00a0<a href=\"https:\/\/gmem.org\/\">GMEM \u2013 Centre national de cr\u00e9ation musicale de Marseille<\/a><\/strong><\/p>\n<p><strong>Dans le cadre de la\u00a0<a href=\"https:\/\/www.biennale-aix.fr\/\">Biennale d\u2019Aix<\/a>\u00a0et de\u00a0<a href=\"https:\/\/chroniques.org\/\">Chroniques. Biennale des Imaginaires Num\u00e9riques<\/a><\/strong><\/p>\n<p>&nbsp;<\/p>\n<p><strong>Samedi 9 novembre, 21h<br \/>\n<\/strong><strong>Dimanche 10 novembre, 14h<\/strong><\/p>\n<p><strong><a href=\"https:\/\/www.google.com\/maps\/place\/Mus%C3%A9e+des+Tapisseries\/@43.5315632,5.4479288,17z\/data=!3m1!4b1!4m6!3m5!1s0x12c98dbcbbf7bd6d:0x5652cbefb26da47a!8m2!3d43.5315632!4d5.4479288!16s%2Fg%2F1jljz7ggs?entry=ttu&amp;g_ep=EgoyMDI0MTAwNy4xIKXMDSoASAFQAw%3D%3D\">Mus\u00e9e des tapisseries<\/a>, Aix-en-Provence<\/strong><\/p>\n<p>&nbsp;<\/p>\n<p><em>Akwan (des univers)<\/em>\u00a0est la nouvelle cr\u00e9ation de l\u2019artiste et compositrice Youmna Saba : une recherche sur les relations entre voix, espaces et langue arabe chant\u00e9e, dans des lieux patrimoniaux \u00e0 Aix-en-Provence et Marseille.<\/p>\n<p>Le long d\u2019une r\u00e9sidence de recherche et cr\u00e9ation en plusieurs volets tout au long de l\u2019ann\u00e9e 2024, Youmna Saba a arpent\u00e9 des espaces aux acoustiques p\u00e9culi\u00e8res dans la r\u00e9gion : la salle gothique du Mus\u00e9e des tapisseries et la Chapelle Venel \u00e0 Aix-en-Provence et les chapelles de la Vieille Charit\u00e9 et du Couvent Levat \u00e0 Marseille. En utilisant sa voix et son instrument, le oud, elle a explor\u00e9 ces lieux patrimoniaux afin de comprendre leurs\u00a0empreintes acoustiques, leurs interactions avec les diff\u00e9rents phon\u00e8mes chant\u00e9s de l\u2019arabe et leurs effets sur les strat\u00e9gies de composition.<\/p>\n<p>Dans<em>\u00a0Akwan (des univers)<\/em>\u00a0la voix est explor\u00e9e dans sa musicalit\u00e9 intrins\u00e8que et ses manifestations \u00e0 travers ses accents, ses pauses, ses bruits, ses rythmes saccad\u00e9s ou fluides, ses tics, ses chuchotements, ses bourdonnements, ses r\u00e9p\u00e9titions ; la voix comme ph\u00e9nom\u00e8ne acoustique qui est fa\u00e7onn\u00e9 par l\u2019environnement et qui, \u00e0 son tour, prend un r\u00f4le principal dans la mod\u00e9lisation de l\u2019identit\u00e9 sonore d\u2019un espace; pour devenir espace.<\/p>\n<p>En particulier, la recherche est bas\u00e9e sur la langue arabe chant\u00e9e et les propri\u00e9t\u00e9s acoustiques de ses phon\u00e8mes, \u00e9tudi\u00e9s comme unit\u00e9s sonores qui interagissent, modulent et sont modul\u00e9es par et dans diff\u00e9rents espaces et m\u00e9diums de transmission.<\/p>\n<p><em>Akwan (des univers)<\/em>\u00a0poursuit des questionnements fondamentaux dans le parcours artistique de Youmna Saba : comment se d\u00e9finit la voix dans des espaces acoustiques diff\u00e9rents, comment comprendre son r\u00f4le d\u2019agent modulable et modulant, fa\u00e7onnant un environnement sonore ? Les trois p\u00f4les principaux de cette recherche sont la voix, l\u2019espace et l\u2019instrument : la \u00ab voix comme mouvement \u00bb, l\u2019\u00ab espace comme syst\u00e8me d\u2019informations\u00a0acoustiques \u00bb et l\u2019\u00ab instrument comme espace \u00bb.<\/p>\n<p>&nbsp;<\/p>\n<p>Youmna Saba est musicienne, compositrice et musicologue. Sa recherche actuelle se concentre sur les relations entre la musique \u00e9lectroacoustique et la langue arabe chant\u00e9e. Son travail s\u2019\u00e9tend sur plusieurs projets, de la composition musicale pour ses projets solos et collaborations aux exp\u00e9rimentations \u00e9lectroacoustiques avec de nouveaux dispositifs imagin\u00e9s pour la voix et son instrument, le oud.<\/p>\n<p>Elle s\u2019est produite \u00e0 de nombreux festivals, dont CTM \u00e0 Berlin (2022), le festival \u00c9clat \u00e0 Stuttgart, l\u2019Akademie Der Kunst \u00e0 Berlin et l\u2019Internationales Musikinstitut \u00e0 Darmstadt avec l\u2019ensemble Neue Vocalsolisten (2021). Parmi ses autres apparitions notables figurent des performances \u00e0 la Bourse de Commerce \u00e0 Paris dans le cadre de l\u2019installation de Tarek Atoui (2021), au festival Phonetics avec Stephen O\u2019Malley (2021), et \u00e0 Rewire festival (2024) pour pr\u00e9senter son projet solo Wishah (Touch,2023).<\/p>\n<p>Elle a \u00e9galement particip\u00e9 \u00e0 de nombreuses collaborations, comme\u00a0<em>Terra Incognita\u00a0<\/em>avec Kamilya Jubran et Floy Krouchi (2020-2022), et \u00e0 des r\u00e9sidences artistiques, notamment \u00e0 la Cit\u00e9 Internationale des Arts (Paris 2020-2021) et \u00e0 la Sharjah Art Foundation (2021).<\/p>\n<p>&nbsp;<\/p>\n<p><strong>Informations pratiques<\/strong><\/p>\n<p>Mus\u00e9e des Tapisseries<\/p>\n<p>28 Place des Martyrs de la R\u00e9sistance, 13100 Aix-en-Provence<\/p>\n<p><b>Tarifs\u00a0<\/b>Gratuit sur\u00a0<a href=\"https:\/\/billetterie.chroniques-biennale.org\/event\/439423-akwan-des-univers\">r\u00e9servation<\/a><\/p>\n<p>&nbsp;<\/p>\n<p><strong>Partenaires<\/strong><\/p>\n<p>Un projet produit par LABgamerz<\/p>\n<p>En co-production avec le\u00a0<a href=\"https:\/\/gmem.org\/\">GMEM \u2013 Centre national de cr\u00e9ation musicale de Marseille<\/a><\/p>\n<p>Dans le cadre de la\u00a0<a href=\"https:\/\/www.biennale-aix.fr\/\">Biennale d\u2019Aix<\/a>\u00a0et de\u00a0<a href=\"https:\/\/chroniques.org\/\">Chroniques. Biennale des Imaginaires Num\u00e9riques<\/a><\/p>\n<p>Avec le soutien de la\u00a0<a href=\"https:\/\/musiquecontemporaine.org\/\">Maison de la Musique Contemporaine<\/a><\/p>\n<p>En partenariat avec le\u00a0<a href=\"https:\/\/www.aixenprovence.fr\/Musee-des-Tapisseries\">Mus\u00e9e des Tapisseries,<\/a>\u00a0<a href=\"https:\/\/www.aixenprovence.fr\/\">Aix-en-Provence<\/a>,\u00a0<a href=\"https:\/\/vieille-charite-marseille.com\/\">le Centre de la Vieille Charit\u00e9<\/a>\u00a0et<a href=\"http:\/\/deletere.org\/\">\u00a0deletere.<\/a><\/p>\n<p>&nbsp;<\/p>\n<p>En savoir plus sur Youmna Saba :\u00a0<a href=\"https:\/\/youmnasaba.com\/\">https:\/\/youmnasaba.com\/<\/a><\/p>\n<p>&nbsp;<\/p>\n<p><a href=\"https:\/\/www.instagram.com\/youmnasaba\/\">Instagram \u2013\u00a0<\/a><a href=\"https:\/\/open.spotify.com\/artist\/0i5L2JTgQpjnDrjWPyCnH8?si=eySp7nucRHeeTTtV22lheQ&amp;nd=1&amp;dlsi=5a5bdfc6a67647ab\">Spotify \u2013\u00a0<\/a><a href=\"https:\/\/soundcloud.com\/youmna-saba\">Soundcloud \u2013\u00a0<\/a><a href=\"https:\/\/youmnasaba.bandcamp.com\/\">Bandcamp<\/a><\/p>\n<p>&nbsp;<\/p>\n<p>&nbsp;<\/p>\n<p>&nbsp;<\/p>\n","protected":false},"excerpt":{"rendered":"<p>Akwan (des univers) Youmna Saba R\u00e9sidence de recherche-cr\u00e9ation 10-17 mars 2024, Mus\u00e9e des Tapisseries, Chapelle Venel, Aix-en-Provence 17-24 juin 2024, Centre de la Vieille Charit\u00e9, deletere,\u00a0 Couvent Levat, Marseille 21-28 octobre 2024, GMEM\u2014 Centre national de cr\u00e9ation musicale de Marseille &nbsp; Performance Un projet produit et pr\u00e9sent\u00e9 par LABgamerz En co-production avec le\u00a0GMEM \u2013 Centre [&hellip;]<\/p>\n","protected":false},"author":2,"featured_media":3540,"parent":0,"menu_order":0,"comment_status":"closed","ping_status":"closed","template":"","meta":{"footnotes":""},"class_list":["post-3529","page","type-page","status-publish","has-post-thumbnail","hentry"],"_links":{"self":[{"href":"https:\/\/dev.lab-gamerz.com\/site\/wp-json\/wp\/v2\/pages\/3529","targetHints":{"allow":["GET"]}}],"collection":[{"href":"https:\/\/dev.lab-gamerz.com\/site\/wp-json\/wp\/v2\/pages"}],"about":[{"href":"https:\/\/dev.lab-gamerz.com\/site\/wp-json\/wp\/v2\/types\/page"}],"author":[{"embeddable":true,"href":"https:\/\/dev.lab-gamerz.com\/site\/wp-json\/wp\/v2\/users\/2"}],"replies":[{"embeddable":true,"href":"https:\/\/dev.lab-gamerz.com\/site\/wp-json\/wp\/v2\/comments?post=3529"}],"version-history":[{"count":0,"href":"https:\/\/dev.lab-gamerz.com\/site\/wp-json\/wp\/v2\/pages\/3529\/revisions"}],"wp:featuredmedia":[{"embeddable":true,"href":"https:\/\/dev.lab-gamerz.com\/site\/wp-json\/wp\/v2\/media\/3540"}],"wp:attachment":[{"href":"https:\/\/dev.lab-gamerz.com\/site\/wp-json\/wp\/v2\/media?parent=3529"}],"curies":[{"name":"wp","href":"https:\/\/api.w.org\/{rel}","templated":true}]}}